)/2)/3*(-76)/5?
33
What is the remainder when 89 is divided by 152/5 + 16/(-40)?
29
Suppose w - y - 1 = 0, 5*w + 2*y - 21 = 3*y. Suppose 100 = w*x - 4*s, 4*x - 3*s - 20 = 3*x. What is the remainder when x is divided by (-2)/9 + 202/18?
9
Suppose 3*g = g + 14. Calculate the remainder when (-1 + (-3)/(-2))*22 is divided by g.
4
Suppose 3*g - 3 = 111. Calculate the remainder when g is divided by 10.
8
Suppose -3*p = -5*u - 31 + 6, 5*u + 65 = -5*p. Let c(j) = -3*j - 9. What is the remainder when c(u) is divided by 8?
7
Let f = -53 - -74. What is the remainder when 60 is divided by f?
18
Let j(v) = -v**2 - 5*v. Let s = -2 + -2. Calculate the remainder when 9 is divided by j(s).
1
Let h(z) = z**2 + 4*z - 2. Let t be (4/(-1))/((-1)/8). Suppose -p + 3*p - t = 0. Calculate the remainder when h(-8) is divided by p.
14
Suppose -2*u + 0*u = -10. Suppose 2 = u*l - 3. What is the remainder when -6*(l/2 + -2) is divided by 3?
0
Let o(v) = 3*v**2 - 3*v - 1. Suppose -5*s = -20, s - 26 = -3*b + 5. What is the remainder when o(-2) is divided by b?
8
Suppose 0*b - z - 131 = -3*b, -z = 3*b - 121. Let j = -502 + 517. What is the remainder when b is divided by j?
12
Let h = -5 + -3. Calculate the remainder when 99 is divided by h/12 + 154/6.
24
Suppose -4*q = 3*z - 17, -3*q = -4*q - 4*z + 1. Suppose -6 = 4*s - 2*s, -5*f + 370 = -q*s. What is the remainder when f is divided by 18?
17
Let m = -35 + 38. Calculate the remainder when 7 is divided by m.
1
Suppose v + 1 = 5. Let f be (-1)/((2 + -1)/(-21)). What is the remainder when 1/(3/f - 0) is divided by v?
3
Let r(j) = -j**2 + 9*j + 11. Let n be r(10). Calculate the remainder when ((-3)/n)/((-3)/44) is divided by 9.
8
Suppose 3*g = -3*g + 48. Suppose -3*i = 5*a - 5, i + 16 = 5*i + 2*a. Calculate the remainder when g is divided by i.
3
Let p = 2 - -24. Suppose 0*d = -n + 5*d + p, -d - 3 = 0. What is the remainder when 41 is divided by n?
8
Let y(z) = -z**3 + 14*z**2 - z + 20. What is the remainder when 35 is divided by y(14)?
5
Let l = -66 + 120. What is the remainder when l is divided by -4 + (18 - 0) - 0?
12
Suppose -2*d - 4 = -5*w + 7, -5*w - 2*d = -19. Suppose 3 + 0 = w*n. Let q = n - -10. Calculate the remainder when 21 is divided by q.
10
What is the remainder when 39 is divided by 0*2/4 + -2 + 17?
9
What is the remainder when 144 is divided by ((-10)/5)/(8/(-84))?
18
Suppose -144 = -2*v + t, t = 4*v - 3*t - 296. Suppose -3*g + 30 = r, -g + 0*g - v = -3*r. Suppose 8*i - 4*i = 52. What is the remainder when r is divided by i?
11
Let a = -79 - -26. Let l = -33 - a. Calculate the remainder when 58 is divided by l.
18
Let r(i) = 4*i**2 - 2. Let v(j) = j**2 + 1. Let u(l) = 15*l**2 - l + 5. Let n(q) = u(q) - 5*v(q). What is the remainder when r(-3) is divided by n(1)?
7
Let r(p) = -3*p - 14. Let l be r(-7). Let k = 16 - l. Calculate the remainder when k is divided by 7.
2
Let b(c) = -4*c. Let s be b(-1). Suppose -s*w - 6 = -6*w. Calculate the remainder when 7 is divided by w.
1
Let m(q) = 15*q**2 - q + 5. What is the remainder when m(3) is divided by 7?
4
Suppose -448 = -3*m - 4*m. Calculate the remainder when m is divided by 22.
20
Suppose 3*t + 2*j = -2, 0 = -4*t + t - j - 7. Suppose -3*a + o = -4*a + 10, 5*a - 74 = 3*o. Calculate the remainder when (47 + 1)*(-2)/t is divided by a.
11
Let i(o) = -o**3 - 5*o**2 + 5*o - 1. Let w(l) = -14*l + 8. Let h be w(6). Calculate the remainder when (-1)/(-3) - h/6 is divided by i(-6).
3
Suppose 5*f - 90 = -0*f. Suppose 0 = c - 4*c + f. Calculate the remainder when 17 is divided by c.
5
Let h(a) = -a**3 + 10*a**2 - a + 13. Calculate the remainder when 6 is divided by h(10).
0
Suppose 0 = 4*c - 4*w - 160, -8 + 28 = 4*w. Calculate the remainder when 134 is divided by c.
44
Suppose 5*g - 25 = -5*a, 6*a - 36 = 3*a + 4*g. Calculate the remainder when 13 is divided by a.
5
Suppose -u + 4*k = -12 - 9, 0 = 4*u - 5*k - 29. What is the remainder when 1 is divided by u?
0
Suppose -25 = -6*k + k. Suppose 4 = -k*y + 3*y. Calculate the remainder when 50 is divided by 3 + y + 24/2.
11
Let s(h) = -3*h**2 - 28*h + 4. What is the remainder when s(-4) is divided by 20?
8
Let h = -56 + 100. Calculate the remainder when h is divided by 15.
14
Let z be 6 - 1 - (4 - 2). Suppose -2*o - 4*l = -48, -z*o - 4*l - 13 = -85. Let q = 44 - o. Calculate the remainder when q is divided by 7.
6
Let a(v) = v + 12. Suppose 0 = 5*p - 2*f - 10, 15 = -p - 4*f - 5. What is the remainder when 47 is divided by a(p)?
11
Let b be -18*(4/(-3))/2. Suppose -93 = -3*r + b. Calculate the remainder when r is divided by 9.
8
Let x(f) = -f**3 + 4*f**2 - 3*f. Let u be x(2). Suppose 0 = -u*s + 3*s - 61. Let q = -20 + 41. What is the remainder when s is divided by q?
19
Let n = 73 + -54. What is the remainder when 92 is divided by n?
16
Suppose 4*o - 3*o + 15 = 0. Let d be 3/o - 62/(-10). Let i(p) = -p**3 + 6*p**2 + 2*p + 2. What is the remainder when 40 is divided by i(d)?
12
Suppose 4*y + 4*c = 24, 4*y - 3 = 5*c + 12. Calculate the remainder when 21 - (-8)/((-16)/6) is divided by y.
3
Let u = -26 - -37. Let t(d) be the first derivative of d**3/3 + 32*d + 5. What is the remainder when t(0) is divided by u?
10
Let q be ((-96)/10)/((-6)/20). Let k = 48 - q. Calculate the remainder when 46 is divided by k.
14
Let m = 60 - 7. Calculate the remainder when m is divided by 27.
26
Suppose 4*w + 118 = -3*h + 2*w, -75 = 2*h + 5*w. Let k = 6 + h. Let j = 56 + k. Calculate the remainder when j is divided by 8.
6
Suppose 0 = 3*d - 2*m - 12 + 2, 4*m = -8. Suppose -5 = -d*f + 1. Suppose 0 = 2*q - 2 - 8. Calculate the remainder when q is divided by f.
2
Let a be (-286)/(-3) - 10/(-15). Suppose a = -v - v. Calculate the remainder when 40 is divided by -4 + 2 - v/3.
12
What is the remainder when 12 is divided by 16/3 - (-2)/(-6)?
2
Let z = -36 + 40. Suppose -2*f = -4*f + 36. Let h = f - 11. What is the remainder when h is divided by z?
3
Suppose -93 = 2*o - 145. Calculate the remainder when o is divided by 9.
8
Let p be 0/(0/3 + 1). Suppose 2*c = -p*c + 100. What is the remainder when c is divided by 17?
16
Let x(j) = j**3 - 7*j**2 + 8*j - 9. Let h be x(6). Suppose -h*q + q + 4 = 0. Calculate the remainder when (-9 + 4)/(q/(-20)) is divided by 17.
16
Let p = 31 - -24. What is the remainder when p is divided by 28?
27
Calculate the remainder when 53 is divided by 100/7 + 4/(-14).
11
Let c = 0 + 2. Suppose 2*j + j = 21. Suppose b = -2*g + j, -14 = -c*b + 3*g + g. Calculate the remainder when b is divided by 3.
1
Suppose g - 2 = 5*g + 2*l, g + 13 = -3*l. Suppose g*u + 6 = 2*m, -2*u + 2 = -m - 0*u. What is the remainder when m is divided by 5?
3
Calculate the remainder when 11 is divided by ((-1)/(-3) - 0)/(2/36).
5
Let a(s) = s**3 - s**2. Let t be a(2). Suppose w - 18 = t*d, 3*w - 3*d = -2*d + 87. Suppose 0 = 3*i - 0 - w. What is the remainder when 29 is divided by i?
9
Let r be (2/3)/((-2)/(-12)). Let a be -20*((-10)/r)/(-5). Calculate the remainder when 5 is divided by ((-16)/20)/(4/a).
1
Suppose 8*v = v + 231. What is the remainder when 55 is divided by v?
22
Suppose 4*h = -2*x + 500, h + 3*x - 111 = -x. Calculate the remainder when h is divided by 16.
15
Suppose z - 59 = -5*w - 3*z, 0 = -2*w + z + 21. Calculate the remainder when 86 is divided by w.
9
Let i(d) = -d**3 - 11*d**2 - 4*d - 13. Let p be i(-11). Let u = -20 + p. Let r(q) = -q**3 + 11*q**2 + 5. What is the remainder when r(u) is divided by 2?
1
Suppose -5*h + 0*t - t = -61, 0 = -5*h - 4*t + 49. Calculate the remainder when 63 is divided by h.
11
Suppose 0 = 2*b - 3*b - 89. Let w be (2/(-2) - -138) + -2. Let c = b + w. Calculate the remainder when c is divided by 16.
14
Let x = 22 + -1. Calculate the remainder when 83 is divided by x.
20
Let j = 94 - 51. Calculate the remainder when j is divided by 15.
13
Let o = -15 - -24. What is the remainder when 25 - (1 - 2/1) is divided by o?
8
Suppose -481 = -27*u + 545. Suppose -2*f = 4*s - 38, s + f - 5*f - 14 = 0. Calculate the remainder when u is divided by s.
8
Let b = 106 - 71. What is the remainder when 209 is divided by b?
34
Suppose -2*i + 52 = -8. Suppose -m + 1 = -7. What is the remainder when i is divided by m?
6
Suppose -26 + 8 = 2*o. Calculate the remainder when 26 is divided by 7/(3/(-3 - o)).
12
What is the remainder when 1/(-3) + 